4399?
3, 92838133
What are the prime factors of 4654795617?
3, 19, 27221027
What are the prime factors of 840687751?
103, 8162017
What are the prime factors of 59573007?
3, 13, 53, 739
List the prime factors of 842114716.
2, 157, 1340947
What are the prime factors of 3110218340?
2, 5, 17, 2003, 4567
List the prime factors of 28270232.
2, 3533779
What are the prime factors of 4212948149?
32839, 128291
List the prime factors of 6344789590.
2, 5, 14867, 42677
List the prime factors of 470569259.
23, 41, 569, 877
List the prime factors of 1638725289.
3, 61, 1301, 6883
What are the prime factors of 22219672?
2, 877, 3167
List the prime factors of 2457292730.
2, 5, 109, 641, 3517
List the prime factors of 562297297.
197, 2854301
List the prime factors of 3909939444.
2, 3, 36203143
What are the prime factors of 51899859?
3, 11, 31, 1879
List the prime factors of 3629399722.
2, 13, 19, 283, 1997
List the prime factors of 869566084.
2, 19, 11441659
List the prime factors of 328489526.
2, 139, 1181617
What are the prime factors of 5361358395?
3, 5, 31, 373, 30911
List the prime factors of 269470890.
2, 3, 5, 13, 109, 2113
List the prime factors of 155453711.
7, 23, 965551
List the prime factors of 348844499.
348844499
List the prime factors of 354364914.
2, 3, 59060819
List the prime factors of 62637903.
3, 6959767
What are the prime factors of 3944986642?
2, 47, 109, 385027
List the prime factors of 1041880709.
29, 2467, 14563
List the prime factors of 89342409.
3, 13, 2290831
What are the prime factors of 204456335?
5, 233, 175499
List the prime factors of 1797402877.
17, 105729581
List the prime factors of 152810179.
19, 8042641
List the prime factors of 706794261.
3, 17, 2851, 4861
What are the prime factors of 95278929?
3, 97, 327419
List the prime factors of 2741207377.
1013, 2706029
List the prime factors of 149033131.
13, 19, 107, 5639
What are the prime factors of 94917794?
2, 1489, 31873
What are the prime factors of 5067367554?
2, 3, 71, 11895229
What are the prime factors of 59735268?
2, 3, 409, 4057
What are the prime factors of 695306605?
5, 7, 19865903
What are the prime factors of 15060578?
2, 13, 19, 43, 709
List the prime factors of 257778043.
23, 11207741
What are the prime factors of 21557169?
3, 2395241
List the prime factors of 226608866.
2, 11, 839, 12277
List the prime factors of 917607445.
5, 61, 73, 41213
List the prime factors of 68719463.
241, 313, 911
What are the prime factors of 37515312?
2, 3, 9649
List the prime factors of 2851510023.
3, 71, 4462457
List the prime factors of 91027934.
2, 73, 151, 4129
List the prime factors of 83450097.
3, 739, 12547
List the prime factors of 485967470.
2, 5, 31, 1567637
What are the prime factors of 12648750?
2, 3, 5, 3373
What are the prime factors of 6066829974?
2, 3, 5381, 187909
List the prime factors of 85476741.
3, 7, 4070321
What are the prime factors of 62836320?
2, 3, 5, 109, 1201
List the prime factors of 402591250.
2, 5, 322073
List the prime factors of 41905170.
2, 3, 5, 17, 61, 449
What are the prime factors of 67118167?
109, 587, 1049
List the prime factors of 69941378.
2, 13, 2690053
List the prime factors of 6237125827.
5821, 1071487
List the prime factors of 626887754.
2, 241, 1300597
What are the prime factors of 479475458?
2, 7, 11, 131, 23767
What are the prime factors of 627749190?
2, 3, 5, 86111
What are the prime factors of 294403120?
2, 5, 11, 334549
What are the prime factors of 1653003393?
3, 29, 313, 60703
List the prime factors of 1280657932.
2, 1487, 215309
What are the prime factors of 1249218507?
3, 89, 4678721
What are the prime factors of 94421538?
2, 3, 21587
What are the prime factors of 703375496?
2, 2411, 36467
List the prime factors of 27231922.
2, 59, 230779
What are the prime factors of 33401537?
13, 47, 54667
What are the prime factors of 74163751?
3469, 21379
List the prime factors of 422136371.
1187, 355633
What are the prime factors of 213062913?
3, 7, 29, 38873
What are the prime factors of 2588280675?
3, 5, 31, 1113239
What are the prime factors of 385814673?
3, 23, 1863839
What are the prime factors of 3936727749?
3, 1312242583
List the prime factors of 77323732.
2, 19330933
List the prime factors of 45509660.
2, 5, 7, 61, 73
List the prime factors of 19757599.
139, 307, 463
List the prime factors of 98366126.
2, 49183063
What are the prime factors of 89547294?
2, 3, 191, 78139
What are the prime factors of 1097355290?
2, 5, 109735529
List the prime factors of 289005245.
5, 57801049
List the prime factors of 758768792.
2, 59, 149, 10789
List the prime factors of 31333062.
2, 3, 463, 11279
What are the prime factors of 2031756?
2, 3, 169313
What are the prime factors of 231290613?
3, 8566319
List the prime factors of 18850799.
11, 1713709
What are the prime factors of 10278904?
2, 1284863
What are the prime factors of 5209138585?
5, 7, 148832531
List the prime factors of 3154475545.
5, 13, 17, 2854729
List the prime factors of 2651000662.
2, 677, 1957903
What are the prime factors of 219395731?
219395731
List the prime factors of 897525457.
23059, 38923
What are the prime factors of 213272839?
13, 31, 529213
What are the prime factors of 1013594109?
3, 11, 29, 1059137
List the prime factors of 256159356.
2, 3, 59, 361807
What are the prime factors of 102076694?
2, 29, 1759943
What are the prime factors of 303080097?
3, 17, 5942747
What are the prime factors of 3924591639?
3, 43, 30423191
List the prime factors of 67531327.
17, 37, 101, 1063
List the prime factors of 58715329.
58715329
What are the prime factors of 390285380?
2, 5, 19514269
List the prime factors of 780107437.
780107437
What are the prime factors of 3911584451?
17, 11273, 20411
What are the prime factors of 25779325?
5, 11, 13, 7211
List the prime factors of 2324759016.
2, 3, 29, 101, 33071
List the prime factors of 243212662.
2, 7, 11, 143573
List the prime factors of 178345424.
2, 43, 53, 67, 73
What are the prime factors of 131441979?
3, 43813993
What are the prime factors of 48347238?
2, 3, 8057873
What are the prime factors of 301648113?
3, 13, 263, 9803
What are the prime factors of 71162640?
2, 3, 5, 98837
What are the prime factors of 901730148?
2, 3, 11, 509, 13421
What are the prime factors of 257974227?
3, 7, 29, 541
What are the prime factors of 5967720393?
3, 19, 104696849
What are the prime factors of 88803642?
2, 3, 14800607
List the prime factors of 679575799.
7, 17, 5710721
List the prime factors of 125830215.
3, 5, 7, 53, 7537
List the prime factors of 104997936.
2, 3, 2187457
List the prime factors of 184230818.
2, 349, 263941
What are the prime factors of 69021306?
2, 3, 83, 46199
What are the prime factors of 106158750?
2, 3, 5, 28309
What are the prime factors of 88159817?
887, 99391
What are the prime factors of 129067262?
2, 41, 971, 1621
List the prime factors of 125406259.
11, 79, 144311
What are the prime factors of 51894032?
2, 3243377
What are the prime factors of 62506724?
2, 7, 59, 157, 241
List the prime factors of 492092017.
1543, 318919
List the prime factors of 182567725.
5, 7302709
What are the prime factors of 7573434?
2, 3, 11, 114749
List the prime factors of 144052355.
5, 257, 112103
List the prime factors of 1044128323.
7, 3853, 38713
What are the prime factors of 120980542?
2, 4957, 12203
What are the prime factors of 1438409544?
2, 3, 11, 13, 113, 3709
What are the prime factors of 212388940?
2, 5, 641, 16567
What are the prime factors of 1072828698?
2, 3, 23, 7774121
What are the prime factors of 24496596?
2, 3, 251, 2711
What are the prime factors of 413855332?
2, 11, 31, 27583
What are the prime factors of 782282175?
3, 5, 577, 18077
List the prime factors of 1673318641.
43, 3049, 12763
What are the prime factors of 121697422?
2, 7, 11, 83, 9521
List the prime factors of 1325408623.
7, 11, 17213099
List the prime factors of 294597886.
2, 11, 71, 188603
List the prime factors of 55764785.
5, 11152957
What are the prime factors of 90963602?
2, 19, 79, 157, 193
List the prime factors of 81020408.
2, 7, 19, 76147
What are the prime factors of 28005786?
2, 3, 127, 12251
List the prime factors of 1580223451.
281, 5623571
List the prime factors of 686852134.
2, 10613, 32359
List the prime factors of 865085288.
2, 7589, 14249
List th